ainder when 444/u + (-9)/(-7) + -1 is divided by 7.
4
Let m = -20 + 116. Suppose 9*t - 237 - m = 0. Calculate the remainder when t is divided by 8.
5
Suppose -2*x = -7*x - 820. Let f(p) = p**3 - 10*p**2 + 9*p - 6. Let u be f(9). Calculate the remainder when ((-3)/u)/((-2)/x) is divided by 11.
8
Let z(o) = 3*o**2 - 5*o - 6. Let j be z(6). Let w = j - 50. Let x = w - 4. Calculate the remainder when 53 is divided by x.
17
Let j(v) = 4*v**2 - 4*v - 1. What is the remainder when j(6) is divided by 7 + -7 + 3 + (-1 - -22)?
23
Suppose 0*y = -3*y + 165. Suppose f = 3*k - y, -115 = -4*k - 2*f - 25. Let i(r) = 14*r**2 + 2. Calculate the remainder when i(2) is divided by k.
18
Let s = -171 - -167. Suppose 0 = 3*t + 5*c - 52, -5*t + 97 = -0*t - 2*c. Calculate the remainder when t is divided by 3*(-1 + 1 - -3) + s.
4
Let d(y) = -y**3 + 7*y**2 - 4*y - 1. Let h(q) = 2*q**2 + 24*q + 105. Calculate the remainder when h(-8) is divided by d(6).
8
Suppose -4*o - 3 = 4*p - 27, 3*o = 4*p + 4. Suppose 3*m = 5*k - 54, -m = -0*m - p. Calculate the remainder when 19 is divided by k.
7
Suppose 0 = -5*a + 7 + 18. Suppose -3*p - 4*w + 3*w + 186 = 0, -3*p = a*w - 186. What is the remainder when p is divided by 17?
11
Let c be (18/(-21))/((-4)/28). Let s = 5 + c. What is the remainder when 52 is divided by s?
8
Let s = 1439 - 1252. Suppose -3*y + 55 + 59 = 0. Calculate the remainder when s is divided by y.
35
Suppose 6*y - 2*i - 179 = y, -3*y + 99 = 3*i. Let h = 100 - 182. Calculate the remainder when y is divided by 16/56 - h/7.
11
Suppose 5*a - 535 = -5*z, -341 = -3*a - z + 3*z. What is the remainder when a is divided by 39?
33
Suppose 0*m + 60 = -4*m. Let s = m - -28. Let g = -38 - -88. What is the remainder when g is divided by s?
11
Suppose 59*x = 64*x - 100. What is the remainder when 57 is divided by x?
17
Let b = 100 + -94. Suppose -b*m - 5*m = -319. Calculate the remainder when m is divided by 3.
2
Let o(g) = 80*g - 57. Suppose -s - 4*x + 4 = 0, 0 = -2*x - 0 - 2. What is the remainder when o(1) is divided by s?
7
Suppose -r = -5*a - 2*r + 1150, -2*a + 5*r = -433. Let t = a + -132. Calculate the remainder when t is divided by 99/4 - 2/(-8).
22
Let c(g) = 13*g**2 - 3*g + 3. What is the remainder when 50 is divided by c(1)?
11
Let h = 169 - 145. Let s = 45 + 1. What is the remainder when s is divided by h?
22
Let s(a) = -a**3 - 8*a**2 + 4*a + 6. Let n(z) = 13*z**2 - 3*z + 4. Calculate the remainder when s(-9) is divided by n(1).
9
Suppose -75*p + 62*p + 1170 = 0. Calculate the remainder when p is divided by 46.
44
Let a(p) = 2*p**3 - p**2 + 2*p + 1. Let b = -36 - -38. What is the remainder when a(b) is divided by 7?
3
Let b = 55 - 12. Let g = -36 + 51. Calculate the remainder when b is divided by g.
13
Let z = -47 - -83. Suppose -41*b + 55 = -z*b. Calculate the remainder when b is divided by 6.
5
Let n(f) = f**3 - 43*f**2 + 5*f - 101. Calculate the remainder when n(43) is divided by 49.
16
Suppose 3*v + 2*v + 2*j = 68, j - 52 = -4*v. Suppose 15*k - 224 = 256. Calculate the remainder when k is divided by v.
8
Suppose -18 - 2 = -4*j. What is the remainder when (15 + -11)*(-3)/(-4) + 5 is divided by j?
3
Let j = -51 - -23. Let k be 8/(-3)*42/j. Suppose i + 3*i = k*h + 24, 4*h = 12. Calculate the remainder when 17 is divided by i.
8
Suppose -11*y - 203 = -3008. What is the remainder when y is divided by 67?
54
Let y be (1 + -28)*1 - -2. Let r = 31 + y. Calculate the remainder when 43 is divided by 58/r + 2/(-3).
7
Let p = 31 - 16. Suppose -2*x - 3*s + 97 = 0, 2*x - 108 = -5*s - 5. Calculate the remainder when x is divided by p.
14
Let q(d) = -d**2 + 12*d - 13. Let o(j) = -2*j**2 + 25*j - 27. Let k(w) = -3*o(w) + 7*q(w). What is the remainder when 37 is divided by k(6)?
5
Let w(l) = l**2 - 16*l - 54. What is the remainder when 298 is divided by w(22)?
64
Suppose -2*p + 13 = 5*s - 39, 3*s + 5*p = 16. What is the remainder when 275 is divided by s?
11
Suppose -p + 3*p - 3*r = -6, 4*p - 3*r = 0. Suppose -4*g + 4 = u - 46, 4*g + 70 = p*u. Calculate the remainder when 112 is divided by u.
22
Let f be 89 - (1 + -1 - -1). Suppose -4*p = 4*h - f, 15 = -3*h + p + 65. Calculate the remainder when ((-4)/(20/(-85)))/((-136)/24 + 6) is divided by h.
15
Suppose -10*m + 1157 + 2713 = 0. Calculate the remainder when m is divided by 65.
62
Let n = -7 + 9. Let d(f) = 5*f**2 + 2*f - 1. Suppose 277 = 4*h + 5*p, 0 = -2*h - 4*p + p + 139. What is the remainder when h is divided by d(n)?
22
Let c = 3 + 0. Let l(s) = s**2 + 9*s - 1. Calculate the remainder when l(2) is divided by c.
0
Suppose -3*c + 165 = -3*q, 0 = -5*c - q - 45 + 320. Calculate the remainder when 228 is divided by c.
8
Calculate the remainder when 278 is divided by (-632)/(-32) - (-13)/52.
18
Let q = 150 - 99. What is the remainder when 251 is divided by q?
47
Suppose 12 + 1 = -z. Let r = z - -16. Let j = 15 + r. What is the remainder when j is divided by 7?
4
Let p(y) = 7*y**2 - 10 + 4*y + 13*y - y**3 - 7*y. Suppose -2*r + 36 = 4*v, -5*v + 8 = -17. Calculate the remainder when 29 is divided by p(r).
5
Let k be 518/35 + 2/10. Calculate the remainder when 31 is divided by (0 - 55/k)*-3.
9
Suppose 5*u + 1381 = 4*y, -2*y + 5*u - 653 = -4*y. Suppose 4*r - 77 = y. Calculate the remainder when r is divided by 35.
34
Let y = -1380 - -1619. Calculate the remainder when y is divided by 22.
19
Let x(k) = 3*k**2 + 19*k - 3. Suppose 0 = 4*u - 5*f + 25, -5*u - 66 + 13 = f. What is the remainder when x(u) is divided by 22?
19
Let g(i) = 20*i + 952. Calculate the remainder when 346 is divided by g(-45).
34
What is the remainder when (-152)/(5 - 9 - -2) is divided by 71?
5
Suppose 2*r - 113 = 5*n, -5*r + 4*n + 0*n + 240 = 0. Let q = 96 - r. Let o(v) = -7*v - 3. What is the remainder when q is divided by o(-3)?
16
Suppose 51*k - 1195 = 46*k - 2*t, -k - 3*t + 252 = 0. What is the remainder when k is divided by 48?
45
Let s = 671 + -529. What is the remainder when s is divided by 40?
22
Suppose 3*g + 2*g = -2*t + 78, -g + 17 = -t. What is the remainder when 41 is divided by g?
9
Suppose 2*t - 80 = -3*t. What is the remainder when t is divided by ((-21)/(-49))/((-6)/(-4)) - 4277/(-637)?
2
Let v be 62 - 55 - (2 - 1). Let k be 1 - 2 - 1*-17. Let h = k - v. Calculate the remainder when h is divided by 3.
1
What is the remainder when (-6534)/(-44) + (-3)/(-6) is divided by 19?
16
Let w = -12 + -8. Let u = w + 28. Calculate the remainder when 13 is divided by u.
5
Suppose -q - 13 = -2*q. Let k(x) = 2*x**3 - 11*x**2 + 6*x + 14. Let y be k(8). Suppose 9*f = y - 67. Calculate the remainder when f is divided by q.
9
Let x = -285 + 303. What is the remainder when 359 is divided by x?
17
Suppose -4*c = -0 - 20. Suppose 3*n + 3*o = 150, 10*o + 174 = 3*n + c*o. What is the remainder when 210 is divided by n?
51
Suppose -6*y = -11*y + 330. Calculate the remainder when 62 is divided by (1/(-2))/((-3)/y).
7
What is the remainder when (1/(-3))/((14 + -7)/(-2373)) is divided by 13?
9
Suppose 2*o - 26 = -0*o - 4*z, 0 = -4*o - 3*z + 72. What is the remainder when o is divided by 15?
6
Suppose 53 = 16*d - 203. Calculate the remainder when 111 is divided by d.
15
Let g(o) = o**2 - 6*o - 20. Calculate the remainder when 82 is divided by g(-6).
30
Let s = 332 + -261. What is the remainder when s is divided by 13?
6
Suppose -3*q + u + 33 = -92, 5*q - 4*u - 213 = 0. What is the remainder when 80 is divided by q?
39
Suppose -3*c + 4*o + 48 = 0, -11*o + 9*o = 4*c - 42. Calculate the remainder when 1331 is divided by c.
11
Suppose -3*b - 12 = 0, 5*i + 314 = -0*i + 4*b. Let g = 79 + i. Calculate the remainder when 20 is divided by g.
7
Let v(d) = -3*d + 10. Let b be 12/8*(-8)/6. Calculate the remainder when 21 + (b - -2) + -3 is divided by v(0).
8
What is the remainder when ((-81 - -3)/(-1))/((-3)/(-4)) is divided by 13?
0
Suppose 5*v - h = 802, -4*v - 4*h + 304 = -328. What is the remainder when v is divided by 54?
52
What is the remainder when 35 is divided by 2*((-39)/26 + (0 - -3))?
2
Let v(k) = -8*k - 2. Suppose q + 2*q - 3 = 0, 3*q = r + 5. Suppose -3*p - 277 = -5*n, n - 57 = 4*p - 3*p. What is the remainder when n is divided by v(r)?
11
Suppose 20 - 4 = 4*l. Let s be 6/(1/(-2)*-1). Suppose -5*i = -3*i - s. Calculate the remainder when i is divided by l.
2
Suppose 69